 -3*l + z = f*z - 35, -z - 43 = -5*l. What is the greatest common divisor of l and 81?
9
Suppose 3*h - 316 = 2*u, 2*u + 2*u = 2*h - 216. Calculate the highest common divisor of h and 13.
13
Let i be (18/(-8))/((-1)/4). Let c = 12 - -69. What is the highest common factor of c and i?
9
Let s(o) = 2*o**2 - 35*o + 33. Let b be s(21). What is the greatest common factor of b and 20?
20
Let s(d) = -9*d - 2. Let u(a) = -2*a. Let j(l) = 2*s(l) - 6*u(l). Let i be j(-4). Calculate the greatest common divisor of i and 20.
20
Suppose 3*k - 2*z = -8, -3*k + 5*z = 2*z + 12. Let v be (k - 2)/(4/14). Let y be (-124)/v + 2/7. Calculate the highest common divisor of y and 18.
18
Let m be 1/(-2 + (-7)/(-3)). Let b(j) = 3*j**2 + 4*j**2 - 2*j + m - 6*j**2. Let s be b(4). Calculate the highest common divisor of s and 22.
11
Let o(q) = -q + 22. Let y be o(12). What is the highest common divisor of 20 and y?
10
Let z = -4 - 0. Let r be (-2)/(-4) + (-34)/z. Calculate the highest common divisor of 45 and r.
9
Suppose 0 = -0*k + k - 4. Suppose 0 = -3*v - 4*b - 5, -5*v + k*b = 3*b - 30. Calculate the greatest common factor of 1 and v.
1
Let n be (-5)/(-15) - (-89)/3. Suppose -2*l + 0*l = -n. Calculate the greatest common divisor of 3 and l.
3
Let k be (3/9)/(1/3). Let p be 1 + 5 + -1*k. Let c = 0 + 40. What is the highest common divisor of p and c?
5
Let n be 11*(-4 - (-4 - 1)). Suppose -5*z + 4*m - 3 = -n, 2*z - 4*m = -4. Calculate the greatest common divisor of z and 8.
4
Let z = -1 + 45. Suppose 5*k - 3*k - z = 0. Suppose 3*m = 29 + 4. Calculate the greatest common factor of m and k.
11
Let o(j) = -26*j - 2. Suppose -4*x = 3*i + 20, 4*x + 12 = 3*i - 8. Let p be o(x). Calculate the highest common factor of p and 16.
16
Suppose 3*p + z = 74, p - 5*z + 106 = 5*p. Suppose 0*t - 32 = -2*d + 4*t, -4*t = 20. Calculate the greatest common factor of p and d.
6
Let r be 20/(-8)*(-46)/1. Let z = -59 + r. Calculate the highest common divisor of z and 14.
14
Let t be (-5310)/(-42) + 6/(-14). What is the highest common divisor of t and 14?
14
Let o(x) = -1 + x**2 - 9*x + 4 + 8. Let z be o(8). What is the highest common divisor of z and 24?
3
Suppose -7*r + 3*r = -60. Calculate the highest common factor of 135 and r.
15
Suppose -b - 3*b = -28. Suppose -3*t - 5*h = -9, -t - b = -0*t + 5*h. What is the greatest common factor of 72 and t?
8
Suppose -2*g = -7*g + 45. Let a be 96/(-8)*(-3)/2. What is the greatest common factor of a and g?
9
Suppose -2*p = -26 + 6. Suppose -h = -4*q - 0*q + 115, -q - 2*h = -40. What is the highest common factor of q and p?
10
Suppose 4*p - 2*p = 56. Suppose 0 = 5*k - 4*h + 9*h + 20, p = -3*k + h. Let i = k + 11. Calculate the highest common divisor of 24 and i.
3
Let g(v) = -v**2 - 3*v. Let l be g(-3). Let i(h) = h**3 + h**2 + h + 119. Let x be i(l). What is the highest common divisor of 17 and x?
17
Let c be 13 + (-6)/(-3) + 1. Calculate the highest common factor of 40 and c.
8
Let h be (-28)/154 + 68/11. Let j = -15 - -27. What is the highest common factor of h and j?
6
Let g(i) = -5*i - 17. Let f = 19 - 27. Let k be g(f). Calculate the highest common divisor of k and 253.
23
Let c be 6*((-7)/(-3) + -2). Let t be 14 + 0/(-1 + c). What is the greatest common divisor of 42 and t?
14
Let q = -2 - -3. Calculate the greatest common divisor of 1 and q.
1
Let b(h) = -h**2 + 7*h - 4. Let t be b(6). Suppose t*m = 2*z - 144, 2*m + 288 = 4*z + 6*m. Calculate the highest common factor of z and 9.
9
Let i = -5 - -3. Let g be 15 + 3/(-6)*i. Suppose 24 = h - 4*a, 5*a + 54 = -4*h + 6*h. Calculate the highest common divisor of g and h.
16
Let h = 6 + 0. Let x be (-12)/((-3)/36*3). Calculate the highest common divisor of x and h.
6
Suppose x - 3*j = -4*j + 2, 3*x - 22 = 5*j. Suppose 0*u + 5*u - 5*a = 455, -x*u - 3*a + 343 = 0. What is the highest common divisor of u and 8?
8
Let m = 173 + -47. Calculate the highest common factor of m and 18.
18
Let u be (-52)/(-14) - (-2)/7. Suppose -3*j - 3*m = -2*j - 26, -m - 78 = -u*j. Let c = -16 - -66. Calculate the highest common divisor of j and c.
10
Suppose -2*f + 6 + 6 = 0. What is the highest common divisor of 6 and f?
6
Let p = 89 + -63. Let h = p - 12. Let g = -98 - -196. What is the highest common divisor of h and g?
14
Let p be (14/3)/(6/135). Suppose -g + p = -5. Calculate the greatest common divisor of g and 10.
10
Suppose 0 = 5*r - 35 - 35. Calculate the highest common divisor of r and 112.
14
Suppose 6*m - 7*m + 16 = 0. What is the highest common divisor of 16 and m?
16
Suppose -4*g = 4*j - 32, -2*j - j = 5*g - 32. Let z(b) = -3 + 4*b + 5 - 3 - 2*b. Let v be z(g). Calculate the greatest common factor of 1 and v.
1
Suppose -31 = -7*f + 123. Calculate the highest common factor of f and 88.
22
Suppose -3*b - 98 = -10*b. Calculate the highest common factor of 70 and b.
14
Suppose -o + k + 1 = 0, -4*k + 41 = 4*o + o. Calculate the highest common factor of o and 35.
5
Suppose 2*r = l + 30 + 29, -4*l = 2*r - 54. Suppose 5*t + 4*i - 69 = 0, 2*t + 3*i - r = -0*i. Let k = 77 + -25. What is the greatest common factor of k and t?
13
Let t = 36 + -51. Let l = 3 - t. What is the greatest common factor of 6 and l?
6
Let z be -4 + 0 + 24/4. Suppose -z = -r + 3. What is the highest common divisor of 2 and r?
1
Let m be (-2)/3 + 40/15. Let p be (-2)/(-3*m/57). What is the highest common factor of 38 and p?
19
Suppose 5*d - 33 - 752 = 0. Suppose d - 520 = -v + 3*x, 2*x - 1067 = -3*v. Let a be v/9 + (-6)/9. Calculate the greatest common factor of 13 and a.
13
Suppose -d + 2*d - 4*s + 2 = 0, 0 = -d - 3*s + 5. Let t = 2 - d. Suppose 3*n - 168 = -t*n. What is the highest common factor of 8 and n?
8
Let h be (-159)/(-33) - 2/(-11). Suppose h*v - 4*v = 30. Calculate the highest common divisor of 210 and v.
30
Let i(a) = 3*a + 3. Let t be i(-6). Let k(g) = g**2 + g - 7. Let o be k(5). Let l = t + o. What is the highest common factor of l and 56?
8
Let a(v) = v**2 - 5*v - 2. Let h be a(5). Let j be h/(-4) - 625/(-10). What is the highest common divisor of 9 and j?
9
Let z(n) = -n**3 - 8*n**2 - 8*n + 3. Suppose -3*i - 6 = 15. Let d be z(i). Calculate the greatest common divisor of d and 4.
2
Let d(y) = 3*y - 5. Let g be d(4). Calculate the highest common divisor of 28 and g.
7
Let g be 1/(-2) + (-21)/(-6). Suppose 5*u - p = p + 268, 5*u - 267 = g*p. Let d be 14/2 + 4 + -2. What is the greatest common divisor of d and u?
9
Suppose 3*m = 14 - 2. Suppose 2*y - 2 = -0*y, -m*y = -4*w + 8. What is the highest common factor of 12 and w?
3
Let x(l) = l**3 - 8*l**2 + 6*l - 6. Let d(i) = 9*i**2 + 2*i + 1. Let j be d(-1). Let p be x(j). What is the highest common factor of p and 6?
6
Let z be 10/(-20) + 65/2. Calculate the highest common divisor of z and 4.
4
Let h = 17 - 12. Let a be h*7*(4 + -3). Suppose 2*u - 4*o - 64 = -0*o, -u = -5*o - a. Calculate the greatest common divisor of u and 6.
6
Suppose 0 = -5*y - n + 60, 4*n - 24 = -3*y + 12. What is the greatest common divisor of 48 and y?
12
Suppose -191 = -4*x + 17. What is the greatest common factor of x and 78?
26
Let i(m) = -2*m**2 - 6*m - 6. Let s(p) = -p**2 - 6*p - 5. Let c(g) = -2*i(g) + 3*s(g). Let z be c(9). What is the greatest common divisor of 16 and z?
8
Suppose 2*k + 5*d - 45 = -3*k, 3*d = -9. What is the greatest common divisor of 12 and k?
12
Suppose 466 = 5*m + 26. Let r be 6*(40/12 + -2). Calculate the highest common divisor of m and r.
8
Let u be (6/4)/((-14)/(-56)). Suppose 0*n = 3*n - 18. Let r = 9 + n. Calculate the highest common divisor of u and r.
3
Let r be (-18 + -2 + 5 - -2)*-2. What is the highest common factor of 182 and r?
26
Let q be -1*(-5 - -4)*35. What is the highest common factor of 105 and q?
35
Let l(d) = 13*d**2 - d. Let g be l(1). Suppose -w = -6*w + 50. Let x = w - -50. What is the highest common factor of g and x?
12
Let g(d) = 8*d**2 - d - 2. Let m be g(2). What is the highest common divisor of 7 and m?
7
Let u be (-4)/(-2) - (-2)/2. Suppose u*d - 49 + 13 = 0. What is the greatest common divisor of 60 and d?
12
Let k = 70 - 43. Calculate the highest common factor of 3 and k.
3
Let w be (-4)/(-3)*6 - 2. Suppose 0 = 7*t - w*t - 189. What is the highest common divisor of t and 27?
27
Let k be (-3)/((-94)/31 + 3). Let y = -57 + k. What is the highest common divis